s digit of ((-318)/(-530))/((-1)/(-3330))?
8
Suppose 2*c = 12*c + 60. What is the units digit of -4 - 65/(-15) - 88/c?
5
Let x be (8/(-3))/((-83)/27 + 3). Suppose -3*w = -5*r + 843, 3*w = -3*r - x + 561. What is the hundreds digit of r?
1
Let n = -21 - -26. Suppose n*b - t = -0*t + 11, 3*b - t = 5. Suppose 5*k = 3 + 22, -21 = -b*y + 3*k. What is the tens digit of y?
1
Suppose 36 + 48 = 4*v. Let u = -39 + v. Let z = 43 + u. What is the units digit of z?
5
Suppose -4*l + 3*w = -3*l - 458, -w + 442 = l. What is the tens digit of l?
4
Let d be 6/(-24) + 49/4. What is the units digit of 3 + d/(-2) - -77?
4
Let w = 44 + -41. Suppose 0 = w*i - 128 - 22. What is the units digit of i?
0
Let y(n) = 21*n**2 + 3*n + 1. Let h be y(-1). Let f = 0 + h. What is the tens digit of f?
1
Let d = -78 - -81. Suppose -846 = -6*f - d*f. What is the units digit of f?
4
Let y = 948 - 560. What is the units digit of y?
8
Let j(y) = -y**2 + 20*y - 4. Let k be j(-6). What is the hundreds digit of (0 - 31)/(32/k)?
1
Let k be 25*(-2 + (-85)/(-25)). What is the units digit of (-4)/10 - k/(-25)?
1
Suppose 19794 = 8*g + 746. What is the tens digit of g?
8
Let z(m) be the third derivative of -m**4/6 + m**3 + m**2. Let n = -221 - -218. What is the units digit of z(n)?
8
Suppose -d = 2*d. Suppose n + 0 - 3 = d. Suppose -3*t + 8 = w, -3*t - 4 = -2*t - n*w. What is the units digit of t?
2
Let r(c) = c**2 + 17*c + 19. Let z be r(-16). What is the tens digit of -2*z/6 + 38?
3
Suppose 4*w = 2*y + 62, -7*w + 77 = -2*w - 3*y. What is the tens digit of w?
1
Suppose -5*a - m = -13, a + 4*m - m = -3. Suppose -2*w = -6, -5*n + a = -4*w - 0. What is the units digit of n?
3
Let a = 1362 - -3613. What is the tens digit of a?
7
Suppose 6*s - 59 + 23 = 0. Suppose 3*t = 0, 2 = -d - 2*t + 6. Let y = s - d. What is the units digit of y?
2
Let p(t) = t**3 - 11*t**2 + 10*t + 21. Let z(f) = 13*f - 3. Let l be z(1). What is the tens digit of p(l)?
2
Let y(o) = o**3 - o**2 + 2*o - 9. Let v be y(0). Let h(u) = -5*u**2 - u. Let w be h(v). What is the tens digit of ((-2)/4)/(9/w)?
2
Let f = -23 + 30. Let q = f + 54. What is the tens digit of q?
6
Let c(p) = 344*p**2 - 6*p - 3. Let u be c(-2). What is the units digit of 4/(-22) + u/55?
5
Let f(c) be the third derivative of 5*c**4/24 + 25*c**3/3 - 6*c**2. What is the hundreds digit of f(10)?
1
Suppose -6*g = -g + 4*n - 2665, -4*n - 2132 = -4*g. What is the tens digit of g?
3
Let d(h) = -h + 11. Let b = -7 - -13. Let g be d(b). What is the tens digit of g - 5 - (-54 + 0)?
5
Suppose 0 = 4*o + 6*o - 6110. What is the tens digit of o?
1
Suppose -5*w - 19 = -2*v + 2, -4*w = 20. What is the units digit of ((-4)/24*2)/(v/318)?
3
Let a(c) = -c**3 - 23*c**2 + 9*c + 46. What is the thousands digit of a(-25)?
1
Let b = 101 + -96. Suppose 3*v - 2*v - 1676 = -b*f, -5*v = 2*f - 675. What is the units digit of f?
5
Suppose 2*s + 0*f - 4*f + 8 = 0, -4*f = 5*s - 22. Suppose s = -3*t + 2*t - 5*u, 0 = u + 1. What is the units digit of 3/2*44/t?
2
Let o(y) = -24 + 2*y**2 + 3*y**2 - 4*y**2 + 15*y. Let a be 10/45 - (2 - (-146)/9). What is the tens digit of o(a)?
3
Let b be 6/(-4) + 3/2 + 5. Suppose -235 = -b*o + 210. What is the tens digit of o?
8
Let f = -26 - -61. Suppose 0 = -x + y - 3*y + f, 148 = 5*x + y. Suppose -d - 11 = -x. What is the tens digit of d?
1
Suppose -5*k = -l + 38, -2*l - 3 = 3*k - 14. Suppose o = 5*u - 62, -2*o + 6 = -5*o. Suppose -d + u = -l. What is the tens digit of d?
2
Let f = 5 + -5. Suppose 2*r + 5 = i - f, 3*i + 4*r - 15 = 0. Suppose -2*j + 8 = 2*w - 4, -i*w + 5*j = 20. What is the units digit of w?
1
Let g = -58 - -61. Suppose 0 = -5*r - g + 8. What is the units digit of r?
1
Let y(j) = -5*j**2 + 23*j + 17. Let r(i) = -3*i**2 + 12*i + 8. Let l(o) = 7*r(o) - 4*y(o). Let g be l(-7). Let t = 47 - g. What is the units digit of t?
2
What is the thousands digit of (-2 + 159)*(-5 + 21)?
2
Let k(j) = -j**3 + 3*j**2 - 3*j + 2. Let u be k(2). Suppose 592 = 5*o + 2*r, u*r - r = 2*o - 236. What is the units digit of o?
0
Let w be (-410)/(-15)*(3 + 3). Suppose -j - j = -w. What is the units digit of j?
2
Let u = 29 + 75. Suppose -4*p = -2*p - u. Let w = -13 + p. What is the units digit of w?
9
Suppose -2*o = -3 - 1. Let r be ((-9)/36)/(o/(-40)). Suppose -g - 4*m = -6*g + 136, 4*g + r*m - 117 = 0. What is the tens digit of g?
2
Let h = 221 + -392. What is the units digit of ((-55)/15 + 3)*h?
4
Let r(w) = 26*w + 92. Let j(u) = -38*u - 138. Let k(h) = -5*j(h) - 8*r(h). What is the tens digit of k(-7)?
8
Let q(m) = -m**2 + m. Suppose -4*z = -0*z. Let w be q(z). Suppose 2*f + 4*u + 11 = 3*f, w = 2*u - 4. What is the tens digit of f?
1
Let v be ((-540)/50)/(6/(-20)). Let i be (-8 + v)*(-6)/(-4). Suppose -p - p + i = 0. What is the units digit of p?
1
Let g(a) = -2*a - 7. Let z(p) = 4*p + 14. Let r(s) = 5*g(s) + 2*z(s). What is the tens digit of r(-9)?
1
Let d = -20 - -14. Let x = d + 10. What is the tens digit of 6/5*70/x?
2
Let j(l) = 77*l**2 + 6*l + 9. What is the tens digit of j(-2)?
0
Let z(x) = 2*x - 7. Suppose 0*r + 5*r - 15 = 0. Suppose -5*k + k + 5*d = -45, -3*k = -r*d - 33. What is the tens digit of z(k)?
1
What is the tens digit of (540/8)/((-9)/(-432))?
4
Let m(h) = 242*h**2 + 4*h - 5. Let s be 3/((-12)/(-1 + -3)). What is the tens digit of m(s)?
4
Suppose -4*n + 3*m - 51 = 0, -31 = 4*n + 2*m - 5. Let b = 15 + n. What is the tens digit of ((-22)/8)/(b/(-24))?
1
Let o(v) = v**3 - 4*v**2 - 5*v - 1. Let s be o(6). Let n = s + 30. What is the units digit of n?
1
Suppose -5*s + 1 + 6 = 4*m, -3*s + 4*m = -17. Suppose -72 = -s*u + 2*g, 0 = 3*u + g - 71 - 10. Suppose -5*t = -149 - u. What is the units digit of t?
5
Suppose 4 = 5*k + 9, 0 = -5*n - 2*k + 28. Suppose 0 = g - n*g + 250. What is the tens digit of g?
5
Let a(v) be the second derivative of v**5/20 - v**4/6 + v**3/2 - v**2 + 6*v. Suppose p = -5*f - p, f = -4*p - 18. What is the units digit of a(f)?
4
Suppose j + i + 80 = 0, -2*j - 131 - 35 = 4*i. Let y = j + 135. What is the units digit of y?
8
Let k(f) = 40*f**2 + 1. Let x(q) = q**2 - 15*q - 1. Let w be x(15). Let h be k(w). Let y = 77 - h. What is the units digit of y?
6
Let w be 8/(-12) + (-221)/(-3). Let j be 7386/54 + (-4)/(-18). Let l = j - w. What is the units digit of l?
4
Let h(x) be the second derivative of x**5/20 + 5*x**4/12 + x**3/6 + 5*x**2/2 - 3*x. Suppose 4 = -20*r + 19*r. What is the tens digit of h(r)?
1
Let s(w) = 24*w**2 - 8*w + 3. Let p be -3*(-12)/9 - (3 - 2). What is the units digit of s(p)?
5
Suppose 0 = -17*q + 1696 + 10867. What is the tens digit of q?
3
Suppose f - 15*f = -1918. What is the tens digit of f?
3
Let n be (-8 - 1)/(((-253)/(-66))/(-23)). Let q = 5 + -3. Suppose q*o - n = -o. What is the units digit of o?
8
Let t(i) = 2*i**2 - 22*i + 48. What is the hundreds digit of t(15)?
1
Let y be 2 - 1 - 0/(-1). Let j = 3 - y. Suppose -t - 5*n + 7 = t, j*t = -4*n + 6. What is the units digit of t?
1
Suppose -5*o + 118 = -2*c - 33, -125 = -4*o + 3*c. Let k = 93 - o. What is the units digit of k?
4
Suppose 6*w - 9688 = -w. Suppose 8 = -8*q + w. What is the hundreds digit of q?
1
Let i(j) = j**2 - 5*j + 49. Let x be i(23). Suppose 3*t = 5*k + x, 6*t + 2*k = 5*t + 136. What is the units digit of t?
6
Let l = -9 + 3. Let k = 8 + l. Suppose -2*c + s + 25 = 0, -3*c - s = k*c - 59. What is the units digit of c?
2
Let y be ((-9)/18)/(5/(-4) + 1). Suppose -5*g + y*w = -915, -942 + 182 = -4*g - 4*w. What is the hundreds digit of g?
1
Let b be 83/(-5) + (-15)/(-25). Let y be 8*1*(5 + 3). Let t = b + y. What is the units digit of t?
8
Suppose 13*s = 12*s. Suppose 0 = 4*v - s*v + 148. Let i = -7 - v. What is the units digit of i?
0
Suppose -2*j = 3*j - 17*j. Suppose j = 5*p - 0*p - x - 875, -4*p + 4*x = -716. What is the tens digit of p?
7
Let m be 4/(-14) - (-430)/(-14). Let i = -33 - m. What is the units digit of 2 + (6/i - -2)?
1
Let b(j) = -j + 1 + 0*j - 8*j. Let a be b(1). What is the tens digit of (-122)/(a/4 + 0)?
6
Suppose -3*d + 2655 - 547 = 5*g, g = -3*d + 2116. What is the units digit of d?
6
Suppose -3*i = -3*t - 696, -3*i + 661 = t + 3*t. What is the units digit of i?
7
Let u(p) be the first derivative of 7/3*p**3 + 2*p + 2 - p**2. What is the units digit of u(2)?
6
Let k = 3939 - 2413. What is the tens digit of k?
2
Let t be